h + 0 + 0 + 3. Determine j(o).
-1
Let i(g) = 7*g**3 - g**2 + g. Let y(m) = -m**2 - 7*m + 23. Let z be y(-10). Let d = 8 + z. Determine i(d).
7
Let c(m) = m**2 - 5*m + 7. Suppose -g + 4 + 1 = 0. What is c(g)?
7
Let p(g) be the first derivative of -g**4/4 + 2*g**3 - 6*g - 1. Give p(6).
-6
Suppose -c + 2 = -10. Suppose 0 = 4*g - c, 5*m + 2*g + 2*g - 7 = 0. Let f(q) = -12*q**3 - q**2 + 1. Determine f(m).
12
Let d = 11 + -10. Let a(b) = -3*b**3 - 4*b**2 - 5*b - 7. Let p(h) = -2*h**3 - 2*h**2 - 2*h - 3. Let s(l) = 3*a(l) - 7*p(l). Determine s(d).
6
Let h(t) = -t**3 + t**2 - 6. Suppose -3*z - 1 + 10 = 0. Suppose 4*d + 4 = 2*q, -5*q + 10 = z*d - 0. Calculate h(d).
-6
Let a(v) = v + 0*v + 4 - 7 + 3*v + v**2. Let u be a(-5). Let t(g) = 5*g - 2. Give t(u).
8
Let r(f) = -f**2. Suppose 3*g + 3*h - 30 + 3 = 0, -5*g + 5*h + 35 = 0. Suppose -3*c - 2*c = 0. Suppose -5*y = -2*w - g, -w = -5*y - c*w + 9. Determine r(y).
-4
Let z(y) = 2*y - 2. Let p(n) = -5 + 5 + n**2 - 3*n + 1 - 3. Let t be p(3). What is z(t)?
-6
Let y be (-35)/(-10) + 1/(-2). Suppose -3*l - 3 = -2*d, -y*d + 0*d = -5*l - 4. Let x(c) = -c**2 + c - 1. Determine x(d).
-7
Suppose -j - 4*j = -45. Let i(o) = o**3 - 10*o**2 + 8*o + 10. Give i(j).
1
Let z(a) be the second derivative of 3*a**2 + 1/12*a**4 + 5/6*a**3 + 0 - 3*a. Suppose 2*k + 4*s + 30 = 0, k + 5*s + 22 = -8. What is z(k)?
6
Suppose 3*t + 2*t - 4*y - 21 = 0, 17 = t - 4*y. Let j(z) = 10*z**2 - 1. Give j(t).
9
Let g(t) = -5 - 17*t + 7*t + 3*t + 8*t. Give g(0).
-5
Let b(w) = w**2 + 2 + 3*w - 1 + 3*w + 7. Calculate b(-6).
8
Let h(b) = b - 6. Let y be (-4)/(16/(-36)) + -3. Give h(y).
0
Suppose 3*j = -3*a + 8*a - 27, 0 = 4*a + 3*j. Suppose -3*u + 10 = -8*u, a*y + 2 = -u. Let v(q) = q**2 + q + 1. Determine v(y).
1
Let f(l) = 2*l**2 + 3*l - 2. Suppose -5*d - h = -12, -d - 2*h + 0*h + 6 = 0. What is f(d)?
12
Let g(t) = -2*t + 1. Let v be (1/(-2))/((-4)/(-8)). Let l be g(v). Let r(i) be the first derivative of i**4/4 - 5*i**3/3 + 5*i**2/2 - 3*i + 2. Determine r(l).
-6
Let y(l) = -l**3 - 13*l**2 - 12*l + 2. Let f be y(-12). Suppose 4 = -5*i + f*g, -5*i + 3*g - 19 = 6*g. Let m(c) = -c**3 - 2*c**2 - 4*c - 2. What is m(i)?
6
Let d(u) = u + 1 - 3 + 2*u**2 + u**3 + 6. Let b(f) = f**3 + 3*f**2 + 2*f + 5. Let w(i) = 6*b(i) - 7*d(i). Determine w(5).
2
Let c(d) be the third derivative of -d**5/60 - 7*d**4/24 + d**3/6 - d**2. What is c(-7)?
1
Let i(f) = -4 + 3*f + f**2 - 1 + 0. Let o be i(-5). Let q(n) = 3*n - n - o*n + 1. Calculate q(-2).
7
Let w(s) = -3*s**3 + s**2 - 11*s + 6. Let k(x) = -4*x**3 + 2*x**2 - 16*x + 9. Let p(d) = -5*k(d) + 7*w(d). Give p(-3).
-12
Suppose 3*s = 2*h - 1 + 7, 3*h - 8 = -4*s. Let p(c) = c**2 + c + 6. Give p(h).
6
Suppose 4*r + 0*r - 12 = 0. Let o = r + -1. Let m(d) = 3 + d**2 - 3*d + 4*d - 5*d. What is m(o)?
-1
Let r(w) be the third derivative of -w**6/120 - 7*w**5/60 - w**4/4 + 2*w**3/3 - 8*w**2. Calculate r(-6).
4
Let t(i) = 2*i - 6. Let a = -8 - 1. Let b be 80/12 - (-6)/a. Calculate t(b).
6
Let z(a) = -a**2 + 11*a - 6. Suppose 82 - 98 = -4*f. Determine z(f).
22
Let b(q) = q**2 + 12*q + 3. Let a be b(-12). Let h(i) = 3 + 4*i - 3*i - a. Suppose -3*r + 18 = 2*w, 2*w = -2*r + w + 11. Give h(r).
4
Let n(t) = t**2 - 8*t + 6. Let y be n(7). Let u(w) = -5*w - 4*w**3 - 2 + 5 - 2. Let r(i) = 4*i**3 + 4*i - 1. Let d(m) = -6*r(m) - 5*u(m). Determine d(y).
4
Let l(x) = -4*x**2 - 2*x + 1. Let q(y) = 3*y**2 + 3*y. Let g(c) = -2*l(c) - 3*q(c). Suppose 5*r + 15 = 4*w, 4*r - 2*w + 19 = 7. Give g(r).
4
Let v(g) = 9*g**3 + 2*g - 1. Let t be (2 + -3)/(5/(-10)). Suppose 2*d = 4*d - t. Give v(d).
10
Let c(j) be the third derivative of -j**5/120 - j**4/24 - j**3/2 + 5*j**2. Let u(s) be the first derivative of c(s). What is u(3)?
-4
Suppose 2*n = -2*n + 16. Suppose -2*p - 10 = -7*p. Let o(x) = -3*x + p*x - n + 2*x. Determine o(0).
-4
Let x(w) be the second derivative of -3*w**5/10 - w**4/12 + 2*w. Calculate x(1).
-7
Let m = 3 + 0. Let x(i) = -14*i + 2*i**3 + 17*i + 1 - 5*i**2 - i**m. Calculate x(4).
-3
Let s(t) be the first derivative of -2*t**3/3 + t**2 + 3*t - 1. Give s(3).
-9
Let v be (-20)/70 + 9/7. Let d(p) = 1 - v - p + 2*p. Determine d(-4).
-4
Let g(d) = 2*d - 1. Let b(x) = -3*x + 4. Let l be b(3). Give g(l).
-11
Let n(y) be the third derivative of -y**4/12 + y**3/3 + 7*y**2. Give n(-2).
6
Suppose 22*y + 82 + 6 = 0. Let u(g) = -g + 9. Let f(m) = m - 8. Let s(t) = 6*f(t) + 5*u(t). Calculate s(y).
-7
Let c(i) = i**2 + 3 + 2*i + 1 - 3*i. Let z = 13 - 8. Suppose 0 = -3*t - 3*y + 15, 4*t - 5*t + z*y - 25 = 0. Calculate c(t).
4
Let h(u) = -u**3 + 7*u**2 - 3*u - 4. Let c(k) = k**3 - 8*k**2 + 6. Let n be c(8). Calculate h(n).
14
Let k(b) = b + 2. Let l be k(0). Let o(g) = -1 - g - 3 + 3*g**l + 2. What is o(2)?
8
Let a(t) be the second derivative of 5*t**3/6 - t**2 + 3*t. Let u be (4/(-3))/((-12)/(-18)). Give a(u).
-12
Let p(l) = l - 6. Let s be p(11). Suppose s = 4*u + 21. Let z = u + 6. Let c(d) = -4*d + 1. Calculate c(z).
-7
Let v(r) be the first derivative of r**2/2 - 8*r + 1. Let y be -1 - -8 - (-5 + 8). Give v(y).
-4
Suppose 3*r - 5 + 2 = 0. Let k(x) = -5*x**2 + 1. Determine k(r).
-4
Let a = -2 + 2. Suppose a*j + 4 = -2*j. Let f be j - (0 + 1)*-5. Let x(c) = 3*c - 3. Determine x(f).
6
Let g(l) = l. Suppose 3*k = 5*k. Suppose k*p = -5*p. Determine g(p).
0
Let a(h) be the first derivative of -h**3/3 + 2*h**2 - 3*h + 8. Let l = 13 + -9. Determine a(l).
-3
Let m(g) = g**3 - 2*g**2 - 4*g + 1. Let t(j) be the second derivative of j**5/20 - 2*j**4/3 - 4*j**3/3 - 3*j**2 - 3*j. Let n be t(9). Calculate m(n).
-2
Suppose -4*q - 3*w = 37, -3*w = -2*q - 0*w - 5. Let z(r) = -r - 3. Calculate z(q).
4
Let t(g) = g + g**2 - 2 + 5*g - g - 4*g. Suppose 2*m + 1 = w, 0 = 4*m + m + w - 15. What is t(m)?
4
Let u(v) = v**3 + v - 1. Let d(p) = 3*p**3 + 5*p**2 - p - 8. Let a(r) = -d(r) + 4*u(r). Give a(4).
8
Suppose -9 = 4*l + 3. Let a(i) = 130*i - 2 + i**3 - 130*i + 3*i**2. What is a(l)?
-2
Let z be ((-18)/24)/(3/(-8)). Let h(a) = -8*a**2 + 0*a**3 + a**z - 4 + 6 + 4*a + a**3. Calculate h(6).
-10
Let z(p) be the first derivative of p**3/3 + p**2/2 - 3*p + 1. Give z(3).
9
Let r(s) = 3*s + 4. Let p(q) = -q. Let h(u) = 2*p(u) + r(u). Suppose 28 = 5*l + 4*v, -l + 3*l - 10 = -v. Calculate h(l).
8
Let r(y) = -2*y + 3*y + 1 - 2*y - 2*y. What is r(-1)?
4
Let m = -62 - -66. Let u(a) = a**2 - 2*a - 1. Give u(m).
7
Suppose 0 = 2*u - 8, 5*i - 3*u - 72 = -u. Let f be i/(-4)*(1 - 0). Let h(x) = x**3 + 5*x**2 + 4*x - 3. Determine h(f).
-3
Suppose 5*p = 2*r, 2*p - 3*r + 11 = -0*p. Suppose g = -0*g + 5*q + 18, -q = 2*g - 3. Let z(v) = -3*v - v**3 + 4 + p*v**2 + 4*v - g. What is z(3)?
-5
Let b(y) be the first derivative of -y**3/3 + 7*y**2/2 + y - 17. What is b(5)?
11
Let q(d) = 4 - 3*d**2 - 15*d**3 + 30*d**3 - 14*d**3 - 3*d. Give q(4).
8
Let i = 3 - 2. Let c(j) = -2*j + 20. Let q be c(9). Let m(n) = -n**q + 5 - n**2 - 4. What is m(i)?
-1
Suppose 0 = -s + 2 - 7. Let q(h) = 2*h + 6. Calculate q(s).
-4
Suppose 23 = 5*o - 2. Suppose 4*m = -x + 3, 0*m - o*x - 7 = -2*m. Suppose 2*z - 3 = m. Let u(h) = 3*h. Calculate u(z).
6
Let w(a) be the second derivative of a**4/6 + a**2/2 - 3*a. What is w(1)?
3
Let l(k) = -3*k - 1. Let s be l(-2). Let z(d) be the third derivative of -d**4/24 - d**3/6 + d**2. What is z(s)?
-6
Let z(n) = 3 + 1 - n**2 + 3*n + 3*n. What is z(5)?
9
Let a(p) = -5*p + 5. Let x be a(2). Let j(g) = -7*g - 1 - 5 + 2 - g**2. Determine j(x).
6
Let l(f) = -7*f**3 - 6*f**2 + f - 1. Let j(c) = -11*c**3 - 9*c**2 + c - 2. Let b(v) = 5*j(v) - 8*l(v). What is b(-2)?
8
Let b(p) = p**3 - 6*p**2. Let y be b(6). Suppose s - 2 + 6 = y. Let g(x) = 3*x + 5. Determine g(s).
-7
Let s(n) = -n**2 - 6*n - 6. Let j be s(-4). Suppose -i = 0, -2*b + 7*b - 25 = j*i. Let u(y) be the first derivative of -y**2/2 - 4*y + 4. Give u(b).
-9
Let u(k) be the second derivative of -11*k**5/20 + 5*k**4/12 + 7*k**3/6 + 5*k. Let s(d) = -6*d**3 + 3*d**2 + 4*d. Let j(t) = -5*s(t) + 3*u(t). What is j(-1)?
2
Suppose -3*z - 4 = 2*h + 12, 3*z - h + 1 = 0. Let b(q) = -8*q**2 - 4 + 5 + 10*q**2 - q**2 + 3*q. Determine b(z).
-1
Let j(f) = f + 6. Let q be j(-5). Let z(i) = -q + i - i - i. Let n be z(-3). Let c(v) = v**2 - 3*v - 2. Calculate c(n).
-4
Let v(n) = -1. Suppose 7 = -4*u - 5. Let s(p) = 5*p + 5. Let h(q) = u*v(q) - s(q). 